9*o**3 - 2400*o**2 + 33*o - 750. Determine w(-49).
34
Let z(q) = 5*q**2 + 3326*q + 36465. Give z(-11).
484
Let u(d) = -2135*d + 44829. Calculate u(21).
-6
Let n(w) = -2*w**2 - 46292*w - 323934. Give n(-7).
12
Let l(y) = -2322*y + 299673. Give l(129).
135
Let n(o) = -o**2 - 5889*o - 88445. Determine n(-15).
-335
Let y(s) = s**2 - 33*s - 7549. Give y(-71).
-165
Let m(d) = -28*d**2 + 1360*d + 919. What is m(50)?
-1081
Let a(r) = r**3 - 183*r**2 + 4288*r + 1471. Give a(28).
15
Let b(n) = -3785*n - 94573. What is b(-25)?
52
Let q(t) = -7880*t + 15736. Give q(2).
-24
Let z(b) = b**2 - 16151*b - 258670. Calculate z(-16).
2
Let y(q) = 212*q**3 + 2*q**2 - 39*q - 41. What is y(-1)?
-212
Let k(o) = -26127*o - 261281. Calculate k(-10).
-11
Let o(k) = -k**3 - 43206*k**2 + 172849*k - 41. Determine o(4).
-5
Let g(m) = -57*m - 7507. Calculate g(-147).
872
Let j(u) = -870*u - 128452. What is j(-150)?
2048
Let b(n) = n**3 + 226*n**2 - 2430*n + 6222. Give b(6).
-6
Let t(u) = 33164*u - 199163. Give t(6).
-179
Let f(y) = 10*y**3 + 2*y**2 - 41*y + 176. What is f(4)?
684
Let l(j) = 3085*j - 404202. What is l(131)?
-67
Let s(v) = -4*v**2 - 98*v + 850. Give s(-36).
-806
Let c(f) = -2*f**2 - 18*f + 1362. Determine c(-27).
390
Let q(o) = -38*o**2 + 12513*o - 167722. Determine q(14).
12
Let p(n) = 15410*n - 169758. Give p(11).
-248
Let v(g) = -g**3 + 91*g**2 + 1171*g - 113511. Give v(90).
-21
Let m(a) = -a**3 - 161*a**2 - 2704*a - 608. Calculate m(-142).
244
Let p(d) = d**2 + 9720*d + 126194. Determine p(-13).
3
Let h(o) = 2759*o - 477310. Determine h(173).
-3
Let r(b) = 812*b - 37988. Calculate r(47).
176
Let n(w) = w**3 + 137*w**2 + 3810*w - 464. What is n(-39)?
4
Let s(q) = -3113*q + 305100. What is s(98)?
26
Let r(k) = -k**2 + 6*k + 3457. Give r(62).
-15
Let a(u) = -11865*u - 2206913. Give a(-186).
-23
Let x(g) = -244344*g + 2932122. Calculate x(12).
-6
Let f(h) = 2*h**3 + 544*h**2 + 1614*h + 175. Calculate f(-269).
175
Let m(o) = o**3 - 31*o**2 + 228*o - 27. What is m(12)?
-27
Let m(h) = 10*h**2 - 4494*h + 141238. What is m(34)?
2
Let h(j) = -j**3 + 168*j**2 - 7050*j - 217. Determine h(81).
-460
Let y(p) = -22892*p + 640932. What is y(28)?
-44
Let r(p) = 4*p**2 + 53*p - 4412. Calculate r(27).
-65
Let w(y) = 1798*y - 1078641. What is w(600)?
159
Let a(t) = -t**2 - 7232*t + 232473. Calculate a(32).
25
Let j(t) = -t**3 + 9*t**2 + 188*t - 1460. Calculate j(8).
108
Let a(s) = -3168*s - 161620. Calculate a(-51).
-52
Let v(w) = 23*w**2 + 754*w - 88. Give v(-33).
77
Let p(g) = -18549*g + 5175166. Give p(279).
-5
Let v(i) = -98044*i - 4608068. Give v(-47).
0
Let a(j) = j**3 + 12*j**2 + 47*j + 184. What is a(-10)?
-86
Let a(l) = -422*l**2 - 52347*l - 2342. Calculate a(-124).
14
Let a(t) = -t**3 + 85*t**2 - 410*t - 5090. Give a(79).
-34
Let t(p) = 26*p**2 + 13007*p + 3514. Calculate t(-500).
14
Let b(r) = -1037*r - 263395. What is b(-254)?
3
Let b(v) = -320339*v - 1601716. Calculate b(-5).
-21
Let v(n) = 8320*n - 40. What is v(0)?
-40
Let m(f) = -44967*f + 89190. Give m(2).
-744
Let z(q) = 13534*q + 216798. What is z(-16)?
254
Let d(s) = 6342*s + 1452262. What is d(-229)?
-56
Let g(s) = -2*s**2 - 303*s + 979. What is g(-155)?
-106
Let j(w) = 17*w**2 + 15*w - 224. Determine j(-8).
744
Let u(o) = 4516*o - 347729. What is u(77)?
3
Let g(y) = -y**3 + 62*y**2 + 880*y + 73. Determine g(74).
-519
Let v(g) = -g**3 - 8*g**2 - 50*g - 397. What is v(-8)?
3
Let v(g) = 137*g**2 + 107*g + 213. Calculate v(-3).
1125
Let h(s) = 28*s**3 - 140*s**2 - 178*s + 3. Determine h(6).
-57
Let k(o) = -5*o + 750. Calculate k(17).
665
Let p(k) = 195*k**2 - 25*k - 20. Give p(-1).
200
Let i(x) = 2475*x - 12180. Calculate i(7).
5145
Let v(k) = -177*k + 7740. Determine v(44).
-48
Let f(q) = q**2 - 752*q - 3724. Calculate f(-5).
61
Let f(x) = 2*x**3 - 109*x**2 - 277*x - 300. What is f(57)?
156
Let c(o) = o**3 + 75*o**2 - 4300*o + 215. Calculate c(38).
-13
Let j(r) = -5*r**3 + 64*r**2 + 1023*r - 12868. Determine j(15).
2
Let j(u) = -215*u - 1454. Give j(-4).
-594
Let l(p) = 272587*p + 6269497. Give l(-23).
-4
Let l(v) = -792956*v + 5550669. Calculate l(7).
-23
Let l(d) = -5625*d - 141343. What is l(-25)?
-718
Let a(h) = h**3 + 123*h**2 - 921*h - 395. What is a(-130)?
1035
Let k(w) = -347*w + 1755. Calculate k(5).
20
Let k(q) = 82*q**2 + 341*q - 4. Give k(-1).
-263
Let h(m) = m**2 - 802*m - 157307. Calculate h(-163).
-12
Let c(u) = 2*u**2 + 581*u + 18047. What is c(-34)?
605
Let v(k) = 2*k**3 - 82*k**2 - 39*k - 270. Give v(42).
1620
Let d(n) = 549*n**2 - 127*n + 27. Give d(1).
449
Let s(f) = 3164*f - 103313. What is s(33)?
1099
Let m(b) = -314*b + 466. What is m(-1)?
780
Let z(a) = -2*a**2 + 83*a - 2733. Give z(0).
-2733
Let x(s) = s**3 + 37*s**2 + 285*s + 564. Calculate x(-4).
-48
Let f(b) = 11310*b - 8629537. Give f(763).
-7
Let c(j) = -3*j**2 + 986*j + 26530. What is c(-25)?
5
Let g(o) = -725*o - 437165. What is g(-603)?
10
Let a(o) = -o**3 - 43*o**2 + 88*o - 751. Give a(-46).
1549
Let b(a) = -a**3 - 141*a**2 + 279*a - 1044. Determine b(-143).
-43
Let l(b) = 1596*b + 9483. What is l(-6)?
-93
Let o(z) = -12*z**2 - 424*z - 2453. Calculate o(-7).
-73
Let k(l) = 89*l + 444. What is k(1)?
533
Let p(m) = -m**3 - 55*m**2 - 740*m + 386. Calculate p(-25).
136
Let j(g) = -53*g**2 + 5933*g - 87. Give j(112).
-423
Let a(o) = -7*o**2 - 160*o + 6458. Determine a(-44).
-54
Let v(q) = -2532*q - 410177. What is v(-162)?
7
Let g(p) = 938*p**3 - 2*p**2 - 178*p + 179. Give g(1).
937
Let u(r) = -r**3 - 63*r**2 + 990*r - 36. Calculate u(13).
-10
Let p(r) = -1158*r - 362449. Determine p(-313).
5
Let n(k) = -171*k - 264. Calculate n(-10).
1446
Let m(h) = 112*h**2 - 4606*h + 553. Calculate m(41).
-21
Let v(q) = 2255*q - 29418. Determine v(13).
-103
Let y(k) = 3*k**3 + 2317*k**2 - 3816*k + 41796. Determine y(-774).
0
Let y(u) = -11*u**2 + 4311*u + 299. What is y(392)?
-93
Let r(o) = -3*o**3 - 26*o**2 + 29*o + 15. What is r(-9)?
-165
Let x(v) = v**3 - 234*v**2 + 460*v - 913. Give x(232).
-1841
Let y(l) = -45270*l - 45280. What is y(-1)?
-10
Let x(k) = -31351*k + 94010. Give x(3).
-43
Let d(g) = g**3 - 204*g**2 - 241*g + 8056. What is d(205)?
676
Let y(i) = 95*i**2 - 3712*i - 41. Calculate y(39).
-314
Let n(u) = u**3 - 757*u**2 + 35367*u - 855. Determine n(50).
-5
Let o(a) = -a**2 - 53*a + 1349. What is o(-70)?
159
Let j(p) = -3*p**2 + 80*p + 1289. Calculate j(37).
142
Let z(f) = -f**3 - 2*f**2 + 18*f - 384. Determine z(13).
-2685
Let k(a) = -132*a**3 - 2*a**2 + 71*a - 74. What is k(1)?
-137
Let p(a) = -a**2 + 180*a + 108857. Give p(-252).
-7
Let l(k) = -18324*k + 1172735. Give l(64).
-1
Let a(n) = -3*n**2 - 674*n - 4285. Calculate a(-218).
75
Let h(l) = -17232*l + 12975701. What is h(753)?
5
Let i(w) = -682*w + 721. Give i(4).
-2007
Let u(c) = -54345*c + 163050. Calculate u(3).
15
Let h(b) = 2*b**3 + 15*b**2 - 857*b + 5060. What is h(10)?
-10
Let d(z) = -7*z**2 + 3*z + 2327. Give d(-18).
5
Let a(r) = r**3 - 305*r**2 + 6738*r + 139. What is a(24)?
-5
Let k(r) = 3980*r + 7839. What is k(-2)?
-121
Let a(y) = 26*y**2 - 398*y + 1382. Calculate a(5).
42
Let o(g) = 59021*g - 177068. Calculate o(3).
-5
Let h(v) = -497*v**2 + 31293*v + 1130. Give h(63).
-4
Let p(m) = 4*m**2 - 2430*m - 12262. Determine p(-5).
-12
Let h(n) = -5*n**3 - 88*n**2 - 29*n - 391. What is h(-18)?
779
Let p(r) = -2587*r - 618278. Determine p(-239).
15
Let u(h) = -18*h**3 + 3*h**2 + 118*h - 259. Give u(2).
-155
Let h(i) = -69*i**2 - 694*i - 7. What is h(-10)?
33
Let z(m) = -m**3 - 80*m**2 + 68*m - 1060. What is z(-81)?
-7
Let h(t) = -29215*t + 175285. Determine h(6).
-5
Let p(j) = 2*j**2 + 1387*j + 26930. Calculate p(-20).
-10
Let v(q) = 7*q**2 - 52776*q - 52777. Give v(-1).
6
Let d(z) = 33*z**2 + 4689*z - 60532. Calculate d(-154).
-10
Let k(o) = -6*o**2 - 2148*o - 2187. Calculate k(-357).
-45
Let r(z) = 4*z**2 + 244*z + 707. Determine r(-58).
11
Let j(n) = 9*n**2 - 618*n + 10450. Determine j(39).
37
Let y(j) = -191698*j - 4792436. Calculate y(-25).
14
Let b(y) = -y**2 + 82*y + 7000. Calculate b(-50).
400
Let w(z) = 4*z**2 + 98677*z - 296056. Calculate w(3).
11
Let o(a) = -a**3 + 32*a**2 - 320*a + 9518. Give o(32).
-722
Let o(a) = a**2 - 2704*a + 493858. Determine o(197).
-21
Let m(c) = -1639606*c + 4918795. What is m(3)?
-23
Let s(v) = v**2 - 144*v - 686. Calculate s